. Let f(s) = -2*o(s) - 3*r(s). Let t(v) = 3*f(v) + 2*y(v). Calculate t(8).
7
Let q(j) = 23*j**2 - 228*j - 1. Suppose 7*w + m = 78, -8*w + 3*m + 16 = -4*w. What is q(w)?
19
Suppose -8*q - 15 = -9*q + g, 5*q = g + 91. Let f(x) = x**2 - 16*x - 51. Give f(q).
6
Let p(c) = -12*c + 5. Let a(o) = -11*o + 7. Let z(b) = -2*a(b) + 3*p(b). Suppose 2*s + 4*m + 14 = 0, 0 = -3*s + m + 8 - 1. Let l be s/9*3*(2 + -5). Give z(l).
15
Let c(z) = 85*z + 44 - 10 + 32 + 4*z - 75*z. Determine c(-4).
10
Let w be (20/30)/(2/21). Let k(s) = 7*s**2 - 7*s + 4. Let p(y) = -8*y**2 + 7*y - 4. Let j(a) = w*k(a) + 6*p(a). Suppose 6*l - 2*l - 28 = 0. What is j(l)?
4
Let c(b) = -5057*b + 20228. Let p be c(4). Let d(x) be the third derivative of x**5/60 - 17*x**3/3 + 2*x**2. Calculate d(p).
-34
Suppose -4*b - 4*q + 72 = b, b - 5*q - 26 = 0. Let g = -22 + b. Let c(z) be the third derivative of -z**5/60 - z**4/4 - z**3/2 - 21*z**2. Determine c(g).
-3
Let x(l) = 5*l**2 - 10*l - 7. Let b(k) be the third derivative of k**5/60 - k**4/24 + 12*k**2 + 3*k. Let u(a) = 4*b(a) - x(a). Determine u(8).
-9
Let f(c) = -c**3 + 11*c**2 - 7*c - 31. Suppose -14 + 34 = 5*t, -66 = -5*j - 4*t. Calculate f(j).
-1
Let g(f) = 55*f - 3955. Let n be g(72). Let y(s) = 2*s**3 - 4*s**2 - 12*s + 6. Calculate y(n).
96
Suppose 0 = -130*s - 283*s - 2065. Let v(o) = -32*o - 12. What is v(s)?
148
Let b(x) = -x + 4. Let i(k) = k - 5. Let u(s) = -7*b(s) - 6*i(s). Suppose 6*q + 4 = 7*q. Suppose 9 = q*g + 25. What is u(g)?
-2
Suppose 11*b + 162 = 250. Let v(u) = u**2 - 10*u + 5. Give v(b).
-11
Let t(h) be the third derivative of 16*h**2 - 11/6*h**3 - 1/24*h**4 + 0 + 0*h. What is t(-8)?
-3
Let c = 2592 + -2578. Let f(t) = 6*t + 37. Calculate f(c).
121
Let o = 24 + -25. Let u be ((-24)/16*4/2)/o. Let x(r) = 2 - 3*r**3 - 5*r**2 + 0*r - 2*r + u*r + 4*r**3. Determine x(4).
-10
Let k be (-7)/(-12) - (-74)/(-148). Let j(x) be the second derivative of -5*x**2 + 1/6*x**3 - 1/20*x**5 + 0 + k*x**4 + x. What is j(0)?
-10
Let s(t) = -t**3 - 53*t**2 - 321*t + 73. Let n be s(-46). Let h(x) = -x**2 + 32*x - 131. What is h(n)?
4
Let i(q) be the third derivative of q**7/1260 - q**6/240 - q**5/40 - 53*q**4/6 + 2*q**2 + 47*q. Let z(g) be the second derivative of i(g). Determine z(2).
-1
Let n(a) = -a**2 + 5*a + 16. Let w be n(7). Let u(h) = h**w + 9*h + 0*h + 6*h - 9*h - 5. Suppose -2*v - 20 = 2*v. Determine u(v).
-10
Let f(r) = -26*r**2 - r - 1. Let b = -141 + 142. Suppose -2 = s - b. Give f(s).
-26
Let g(v) = 67*v**2 - 34*v - 39. Let s(k) = -11*k**2 + 2*k + 4. Let f(q) = -g(q) - 6*s(q). What is f(19)?
72
Let j = -65104 + 65104. Let w(r) = 4*r**2 + 0*r**2 - 35 - 3*r**2. Determine w(j).
-35
Let z(v) = -2*v - 7. Let s(f) = -f**3 + 5*f**2 - 2*f - 1. Let a(j) = 5*j**3 + j**2 - 3*j + 1. Let u be a(1). Let o be s(u). Let d = o + -12. Determine z(d).
3
Let t(z) = 3*z**2 + 4*z + 18. Let q be -10 - (5*48/(-60) - 1). What is t(q)?
73
Let n = 304 - 300. Let d(c) be the third derivative of -c**4/6 + c**3 + 15*c**2. What is d(n)?
-10
Let p(u) = -u + 6. Suppose 74 = v + 25. Let g = v + -41. Let d(r) = 4*r - 27. Let b be d(g). What is p(b)?
1
Let x(t) = t**3 - 6*t**2 + 2*t - 5. Let w be (3 - (-5 + 2)) + 2. Let l = -31 + 57. Suppose -w*u + l = -22. Calculate x(u).
7
Let c(z) = -z**3 - 3*z**2 + 5*z + 3. Let d(h) = -3*h - 8. Let u be d(-4). Suppose 4*v + 4 - 12 = a, u*a = 2*v - 18. Calculate c(a).
-1
Let a(o) = -35 + 67 - 33 + 4*o**2. Suppose -3*r = 5*h + 11 - 24, -r - 5*h = -11. Calculate a(r).
3
Let r(b) = -94*b**2 - 13*b + 170*b**2 - 77*b**2 + 3 - 7 - 4. Give r(-11).
14
Suppose 2*w - 4 = 0, 8*o = 5*o - 5*w + 7. Let j be 10 - (-50)/(-6) - o/3. Let x(s) = -s + 7. What is x(j)?
5
Let j = -131 - -143. Let p be (4/(-3))/((-4)/j). Suppose -2*t = 3*x + 14, 4*x + p*t = t - 20. Let g(v) = v**2 - 2. Calculate g(x).
2
Suppose 3*g = -g - 4*b, -2*g + 4*b + 24 = 0. Let p(w) = g - 2 - 10*w + w + 8*w. Determine p(-4).
6
Let m(c) = 11*c**2 + 37*c + 663. Let h(q) = 8*q**2 + 25*q + 448. Let s(p) = 7*h(p) - 5*m(p). Give s(19).
-8
Let r(m) = 3*m + 3. Let y = 0 + 8. Let v(c) = 4 + 4 + y*c - 2. Let k(l) = -5*r(l) + 2*v(l). Determine k(8).
5
Let b(p) be the second derivative of p**5/20 + p**4/12 - p**3/6 - p**2 - p + 74. Let z = -14 - -22. Let j = z + -8. Determine b(j).
-2
Let n(s) = -123059*s + 0*s**2 - 9 + 26*s**3 + 123067*s - 27*s**3 + 3*s**2. Determine n(6).
-69
Suppose -181*k + 156*k = -88 - 312. Let u(n) = -26*n + 422. What is u(k)?
6
Let s(l) = -l**2 - 6*l + 5. Let v be s(-6). Suppose -q + 30 = v*q. Let p(g) = -141 - 153 - g**2 + 5*g + 301. What is p(q)?
7
Let n(u) = u**2 - 4*u + 1. Let k be 0 + 1 + 104/8 + -10. Suppose -25 = -4*h + 5*q, -h = -2*q - 3 - k. Calculate n(h).
6
Let y(g) be the third derivative of 1/120*g**5 + 0*g - 1/8*g**4 + 0 + 13*g**2 - 1/3*g**3. Let m(o) be the first derivative of y(o). Determine m(0).
-3
Let j(s) = -s**3 - 6*s**2 + s + 2. Let o(m) = 2*m**3 + 11*m**2 - 2*m - 3. Let i(y) = -7*j(y) - 4*o(y). Suppose -119 = 250*g + 881. Give i(g).
26
Let p(h) be the third derivative of 31*h**4/24 + 34*h**3/3 - 9513*h**2. Calculate p(-3).
-25
Suppose 98 = -7*y + 56. Let m(l) = l**3 + 6*l**2 + 3*l + 20. Let u be m(y). Let j(w) = 2*w**2 - w. Determine j(u).
6
Let x be (0 - (-3 + 2)) + 6. Let d(j) = -11*j**2 - j + 11*j**2 + j**3 + x. Let w = 35516 + -35516. Calculate d(w).
7
Let z(c) = c - 56 + 2*c**2 + 103 - 44 + 2*c. Suppose -5*l + l = -12. Suppose -p - 3*v = -1, -5*v = l*p - 2*p - 3. Give z(p).
5
Let h(p) be the first derivative of p**3/3 + 6*p**2 + 29*p - 5661. Give h(-4).
-3
Let z(f) be the third derivative of f**5/60 + 7*f**4/8 + 19*f**3/6 - 265*f**2 - 2. Calculate z(-18).
-35
Let g(v) = v. Let x(u) = -2*u + 1. Let y(p) = -4*g(p) - x(p). Suppose 5*k + 5*d + 12 = -13, -4*k = 2*d + 10. Suppose 0 = -k*m + 4*m - 4. Determine y(m).
-3
Let r(p) = p**3 + 48*p**2 - 45*p + 205. Let z be r(-49). Let c(y) = -17*y**2 + 155*y + 11. What is c(z)?
29
Let o(z) = z**3 - 38*z**2 + 5*z + 21. Let f(d) = 2*d**3 - 82*d**2 + 11*d + 42. Let u(m) = 6*f(m) - 13*o(m). What is u(0)?
-21
Let f(s) = 2*s + 3. Let d be -14 + 3/(-3) + 1. Let r = -233 + 236. Let b be -2*r/(-12)*1*d. Give f(b).
-11
Let a(s) be the third derivative of -s**5/60 - 23*s**4/24 + 5*s**3 + 1022*s**2. Give a(-25).
-20
Let q(x) = -3*x**3 + x + 1. Let p = 294 - 283. Let k(j) = -4*j + 43. Let o be k(p). Give q(o).
3
Suppose 10*m - 14*m = -5*n + 6, 2*m + 2*n - 6 = 0. Let y(a) = 34*a**2 - 4*a + 3. Let j(q) = -69*q**2 + 7*q - 5. Let h(u) = -4*j(u) - 7*y(u). Determine h(m).
37
Let n(d) = -3*d**2 - 56*d - 6. Let h(u) = u**2 + 30*u + 1. Let i(t) = 2*h(t) + n(t). Calculate i(3).
-1
Let g(r) be the first derivative of 0*r - 17/2*r**2 - 69. Give g(1).
-17
Let p(z) = z**2 - 28*z + 52. Suppose 332 + 292 = 24*n. What is p(n)?
0
Let m be (-21)/4 + 5 - (-285)/(-60). Let p(z) = 0*z**2 - 45*z + 39*z - z**2 - 10. What is p(m)?
-5
Suppose 8*l - 25 - 7 = 0. Suppose 0 = 3*g + 5*y - 17, 2*g - 2*y = l + 2. Let a(t) = 21*t - 28*t - t**3 + 0*t**3 - 8 + g - 5*t**2. Give a(-4).
8
Let i = 32 - 9. Let b = i - 18. Suppose -52 = b*g - 17. Let u(q) = q**3 + 6*q**2 - 9*q - 6. What is u(g)?
8
Let w(a) be the first derivative of a**4/4 + a - 430. Calculate w(-1).
0
Let o(r) = -r**2 + 13*r - 15. Let w be 4*(-210)/(-72) - 47/(-141). Calculate o(w).
-3
Let k(q) = 10*q - 467*q**2 - 387*q**2 - 7 + q**3 + 852*q**2. Give k(4).
65
Let f(o) = 4 + 3*o**2 + 30472325*o - 4*o**2 - 30472326*o. What is f(0)?
4
Suppose -58 = -u + 3*j, 5*u - 366 = -6*j + 2*j. Let o = -47 + u. Suppose -o = -5*k - 3. Let h(c) = -c**3 + 5*c**2 - 3*c + 1. Calculate h(k).
5
Let v(d) = -d**2 - 8*d + 4. Let i be v(-8). Suppose i*n - 9 + 1 = 0. Let x be (-5 + n)*(5 + -7). Let p(g) = g - 2. Give p(x).
4
Let i(h) = 9*h**2 + 2*h + 3. Let u(b) be the first derivative of b**3/3 - 2*b - 22. Let j(z) = i(z) + 2*u(z). Give j(1).
12
Let j(z) = z**3 - 24*z**2 - 88 + 2*z**2 + 38 + 23*z. Let v be j(21). Let q(l) be the first derivative of l**4/4 + 3*l**3 + 5*l**2 + 10*l - 11. Calculate q(v).
-6
Let n(h) = 14*h**2 + h. Suppose -2*y - 22 = -g + 2*y, -y = -g + 7. Let u be 8 - ((-64)/(-8))/4. Let f be u/(-15) + (14/10 - g). Determine n(f).
13
Let u(a) = 2*a + 5 - 9693*a**2 + 9684*a**2 - a - a**3. Let d(n) = n - 9. Let t be d(0). Give u(t).
-4
Let g(r) be the third derivative of r**4/6 + 5*r**3/6 - 2